/60*o**5 + 0. Calculate k(s).
-13
Let h(k) = k**3 - 7*k**2 + 7*k + 4. Let s be h(6). Let j(u) = 2*u**2 + 1 - 3*u**2 - 4*u - 5 + s*u. Determine j(4).
4
Let s(i) = -i + 2. Let h = -9 + 14. Suppose 3*u + h*l = -0*u + 11, u - 5*l - 17 = 0. Determine s(u).
-5
Let b(p) be the second derivative of -p**3/6 + p**2 - 3*p - 31. Let j(k) = 8*k**2 - 2*k + 1. Let o be j(1). Determine b(o).
-5
Let l(i) be the third derivative of 5*i**4/12 + 7*i**3/6 - 35*i**2 - i. Determine l(-5).
-43
Let o(m) be the first derivative of m**4/4 + 11*m**3/3 + 9*m**2/2 + 3*m + 49. Calculate o(-10).
13
Suppose t - 3 = -2*t, 0 = a + 5*t - 11. Let o(c) = -c**3 + c**2 + c + 1. Let h(x) = 2*x**3 + 3*x**2 - 6*x + 3. Let m(l) = h(l) + 3*o(l). Determine m(a).
-12
Suppose 0 = 3*f + f + 12. Let i = -8 - -10. Let d(h) = 2*h**i - 2*h - 2 - 3*h**2 - h - h**3 - 4*h**2. Give d(f).
-11
Let s(x) = 10*x**2 - 4 - 4*x**2 + 3 - 9*x**2. Let c be (1 + -3 + 6)/2. Suppose -5*p - 9 = -c*n, p + 0*p = -4*n + 7. Determine s(p).
-4
Suppose -516*p - 6 = -510*p. Let g(h) = 3*h - 5. Let u(y) = y - 2. Let q be u(5). Let f(j) = 3*j - 4. Let k(b) = q*g(b) - 4*f(b). What is k(p)?
4
Let d(k) = 2*k + 820 - 840 - 3*k. Let i(n) = -n + 10. Let r be i(10). What is d(r)?
-20
Let t(h) = -8 + 14 + 3*h - 9 - 4*h. Calculate t(0).
-3
Let s(a) be the first derivative of -4*a**3/3 + 4*a**2 - 9*a + 294. Determine s(1).
-5
Let f = 20 + -18. Let i(o) = 2 - 1 + 7*o**2 - f*o + 8*o - 4*o. Let d = 0 - 1. Determine i(d).
6
Let u = 32 - 27. Let n(w) be the first derivative of -w**3/3 + 2*w**2 + 3*w + 2. Give n(u).
-2
Let c(s) = 434 - 211 + 0*s - 219 - 5*s. Suppose 2*a - 5 = -3, -5*a = -k. What is c(k)?
-21
Let j = -48 - -50. Suppose 3*f + j*f = 20. Let z(q) = -q**3 + 3*q**2 + 4*q - 1. Give z(f).
-1
Let i(t) be the second derivative of 2*t**3 + 3*t**2/2 + 417*t. Determine i(3).
39
Let j(k) be the first derivative of -k**4/12 - k**3 + 3*k**2 + 28*k - 25. Let t(v) be the first derivative of j(v). Give t(-6).
6
Let f = 161 + -163. Let h(r) = -r**3 - r**2 + r - 1. Give h(f).
1
Let j(l) = 4*l**2 - 3 - 1976*l + 1 + 1973*l. What is j(-2)?
20
Let k be 24*(2/(-8))/(2/(-22)). Let a = -61 + k. Let q(j) = -j**2 + 5*j - 4. Calculate q(a).
-4
Let d(p) = -2*p - 4. Let r be -3 - (-7 - (1 - -3) - -2). Determine d(r).
-16
Let l(g) = g**3 + 6*g**2 - 8*g - 5. Let c be l(-7). Let n(t) = 36*t**2 + 110*t - 5. Let b(p) = -7*p**2 - 20*p + 1. Let f(s) = -11*b(s) - 2*n(s). Calculate f(c).
19
Let q(a) = 3*a**3 - 2*a**2 - 3*a - 1. Let w(r) = -r**3 - r**2 - r - 1. Suppose -4*t - 6 = -2*v - 10, 2 = 2*t + 3*v. Let b(f) = t*q(f) + 4*w(f). Determine b(-4).
-9
Let u(w) = -w + 2. Let c(d) = 1. Let s(h) = 5*c(h) - 4*u(h). Let j = 347 + -344. What is s(j)?
9
Let l(m) be the first derivative of -m**5/120 - m**4/6 - 3*m**3 + 1. Let z(f) be the third derivative of l(f). Give z(-4).
0
Let j(a) be the first derivative of a**4/4 + 11*a**3/3 - a**2 - 14*a + 7946. Suppose -6*p = -3*p + 15, -3 = -2*w + 5*p. What is j(w)?
8
Let o(s) = s**2 - 4*s + 6. Let a(w) = w**3 - 8*w**2 - 9*w + 4. Let q be a(9). Let r be o(q). Let j(f) = 5 + r*f + 0 - 7*f. Give j(5).
0
Let w(m) = 5*m + 104. Let l be w(-21). Let v(z) = -12*z**3. What is v(l)?
12
Suppose 46 = 3*z + 2*f, -7*f = 4*z - 3*f - 68. Suppose r - z = 4*n, n + 1 = 3*r - 13. Let b(d) = -8 - 2*d + 3 - d**2 + 5*d. What is b(r)?
-9
Let n(z) = z**2 - 8*z - 14. Let s(g) = -g**2 - 2*g + 55. Let u be s(6). What is n(u)?
-21
Let w(v) = 9*v**2 - 23*v**3 + 51*v**3 - 27*v**3 - v + 1. Give w(-9).
10
Suppose 17 = 5*j - 2*i, -j - 5*i - 8 = -2*j. Let r(y) = y**3 - 2*y**2 - 3*y + 1. Determine r(j).
1
Let c(y) be the third derivative of y**6/120 + y**5/30 - y**4/12 - y**3/3 + y**2 + 10. Give c(2).
10
Let k(a) be the second derivative of a**4/6 + 3*a**3/2 + 4*a**2 + 311*a. Give k(-5).
13
Let t(f) = -f**3 - 3*f**2 + 3*f - 70. Let w(r) = r**2 - r. Let u(b) = -t(b) - 4*w(b). Let j be u(0). Let p(q) = 70 - q**2 + 2*q - j - 4*q. What is p(-3)?
-3
Let u be (2/6 + 1)/((-3)/(-27)). Let k(w) = w**2 - 11*w - 6. Give k(u).
6
Let c(p) = -5*p**2 + 4. Let v(k) = 6*k + 3. Let r be v(-2). Let h(u) = -u**2 + 1. Let m(j) = r*h(j) + 2*c(j). Give m(1).
-2
Let y(k) = k + 8. Let i(g) = g**2 - 3*g - 2. Let b be i(4). Suppose -3*m + a - 13 + 54 = 0, -3*m = b*a - 35. Let o = 7 - m. Determine y(o).
2
Let d(u) = 120 - 6*u - 119 + 22*u. Give d(-3).
-47
Let o(k) be the first derivative of 5/3*k**3 - 11 - 1/4*k**4 + 3/2*k**2 - 6*k. Give o(5).
9
Let f(t) = 8*t**2 + 2*t + 1. Let w(h) = h**3 - 10*h**2 + 19*h. Let l be w(8). Let s = l - 25. What is f(s)?
7
Let r(j) = 7*j**2 - j. Let u = 92 - 29. Let y = -32 + u. Let m = 32 - y. Give r(m).
6
Suppose 0 = -2*i + 8 - 4. Let d(g) = g + 1. Let o(b) = -3*b - 5. Let w(n) = i*d(n) + o(n). What is w(0)?
-3
Suppose 2*a = -3*h + 20, -3*h - 39*a + 4 = -41*a. Let j(r) = -5*r + 19. Calculate j(h).
-1
Let j(m) be the first derivative of m**4/4 - m**3/3 + 28*m + 3. Let o = 48 - 48. Give j(o).
28
Let l(j) = -6*j + 1. Let s(u) = -u. Let v(c) = 2*l(c) - 14*s(c). Give v(-2).
-2
Let z be ((-77)/66)/((-1)/6). Suppose 6 + 8 = z*s. Let h(a) = -a**3 - 5*a**2 + 3*a. Let m(x) = 2*x**3 + 5*x**2 - 4*x. Let j(n) = 3*h(n) + 2*m(n). Give j(s).
-10
Let f(g) = g**2 - 3*g - 1. Let b(u) = -2*u + 2. Let h be b(4). Let c = 12 + h. Let p = 10 - c. Calculate f(p).
3
Suppose 4*b + 5*z = 2*z + 15, -3*b + 15 = z. Let o(j) = 4*j - 2 + 2 - 11*j + j**2. Give o(b).
-6
Let o(m) = 17*m**3 + m**2. Suppose -2 - 25 = 27*d. Calculate o(d).
-16
Suppose 35*g - 32*g - 24 = 0. Let q(u) = g*u**2 + 0*u**3 - u**3 + u + 2 - 3*u**2. Give q(4).
22
Let l be ((-300)/5)/5*3/(-6). Let z be (-1)/l + 21/18 + 5. Let s(t) = 2*t - t**3 + 7 + 4*t**2 + 2*t + t**2. Give s(z).
-5
Let y = 38 - 20. Suppose 4*g - 26 = -y. Let z(h) = h**3 - 5*h**2 + 2*h. Determine z(g).
-8
Suppose -4*s + 46 = 5*h, -2*h + 0*s + 16 = s. Let g(o) = -11*o + 5*o + o**2 - h + 2*o. Determine g(7).
15
Let f = -70 - -72. Let y(a) = 9*a - f + 1 - 13*a. Determine y(-6).
23
Let z be ((-24)/28)/((-2)/7). Let m(b) = -2*b**2 - 4*b + 3. What is m(z)?
-27
Let o(m) = -m - 8. Let z(k) = -k - 8. Let w(i) = -3*o(i) + 4*z(i). Determine w(-6).
-2
Let p(s) be the second derivative of s**4/12 - s**3 - 3*s**2/2 - s + 14. What is p(8)?
13
Let x = -169 + 175. Let y(r) = -3*r**2 - 3*r**2 + 1 - r**2 + r**3 + 7*r. Give y(x).
7
Let d(z) = 31*z - 4. Let t(x) = 15*x - 1. Let m(c) = 2*d(c) - 5*t(c). Calculate m(-2).
23
Suppose 1 = -h + 3. Suppose 0 = -0*c + c - h. Suppose -5 = -c*r - 1. Let n(z) = 2*z + 1. Give n(r).
5
Let v(a) be the second derivative of -a**4/12 + a**3/6 + 28*a**2 + a - 211. Calculate v(0).
56
Let l = -35 + 37. Suppose -j + 18 - 3 = 5*n, -2*n + l = 0. Let z(g) = -2*g + 19. Let x be z(j). Let m(r) = r**2 - 1. Calculate m(x).
0
Let k(s) = s**3 - 9*s**2 + 18*s + 26. Let n(l) = 2*l**3 - 15*l**2 + 30*l + 51. Let u(b) = 5*k(b) - 3*n(b). Suppose 3*q = q. Give u(q).
-23
Let x = 8 + -25. Let h = -13 - x. Let d(q) = -4*q**3 - 22*q**2 - 4*q + 4. Let z(w) = w**3 + 7*w**2 + w - 1. Let r(b) = 2*d(b) + 7*z(b). Determine r(h).
13
Let b be 0 - (1 + 4 + 1). Let k(a) = a**2 - 2*a + 1. Let o be k(-4). Let r(u) = -u - o + 6 + 12. What is r(b)?
-1
Let b(r) = -r**3 - 5*r**2 - 3*r - 5. Let q(w) = w**3 + w**2 - w + 58. Let x be q(0). Suppose -x + 54 = a. Calculate b(a).
-9
Let s(x) = 12*x**3 + 19*x**2 + 17*x + 20. Let w(y) = 5*y**3 + 9*y**2 + 8*y + 10. Let h(n) = 2*s(n) - 5*w(n). Determine h(-4).
-34
Let o be (-8)/(-16)*(-4)/(-1). Suppose -r = -4*r + 12. Let q(l) = -r*l**o + 1 - 17*l**3 + 3*l**2 + 10*l**3. Calculate q(-1).
7
Let m(k) = 3*k + 9. Suppose 0 = -2*i - 5*w + 45, 5*i - 94 = -4*w + 10. Suppose 2*o - 4*t = -2*o + i, -4*t - 15 = o. Let v be 2 + 1 + (-9)/o. Give m(v).
-9
Let l = -92 - -95. Let o(a) = 5*a**3 - 4*a**2 + 3*a + 4. Let z(p) = -14*p**3 + 11*p**2 - 9*p - 12. Let w(k) = 17*o(k) + 6*z(k). Determine w(l).
-4
Let h(p) be the third derivative of p**9/60480 + p**8/2880 - p**7/2520 - p**6/72 + p**5/20 + 23*p**2. Let d(t) be the third derivative of h(t). What is d(-7)?
4
Let x(t) = 2*t**3 - 60*t**2 + 9*t. Let w(j) = 6*j**3 - 178*j**2 + 24*j. Let u(m) = 3*w(m) - 8*x(m). Determine u(27).
0
Let a(u) = -2*u - 56. Let m be a(-31). Let j(t) = 2*t - 7. Give j(m).
5
Suppose -6*h + 5*h - 4*b = 11, -7 = -3*h - 2*b. Let f(s) = s**2 - 5*s + 4. What is f(h)?
4
Let u be 9 - 4*1/4.